262011 a prime number?
True
Is 278569 prime?
False
Is 5521783 composite?
False
Is 4221001 a composite number?
True
Is 27439999 composite?
False
Is 114940057 a composite number?
True
Is 575473 composite?
False
Is 195407 composite?
False
Is 3139033 a composite number?
True
Is 6987031 a prime number?
True
Is 22730723 composite?
True
Is 1836941 composite?
True
Is 16884107 composite?
False
Is 3667295 a prime number?
False
Is 91399271 a prime number?
False
Is 107808619 composite?
True
Is 1113390703 prime?
True
Is 358749947 a composite number?
False
Is 18307547 a prime number?
True
Is 3655073 composite?
True
Is 7671637 a prime number?
True
Is 923861591 a composite number?
True
Is 2732063 prime?
False
Is 6891583 prime?
False
Is 5344591 a prime number?
False
Is 28500757 a prime number?
True
Is 114387223 composite?
True
Is 314341007 composite?
False
Is 1040563 a prime number?
True
Is 1038107 composite?
True
Is 5306821 a prime number?
False
Is 10388257 prime?
False
Is 932265043 prime?
True
Is 1302563 prime?
True
Is 16908121 prime?
True
Is 16628009 composite?
False
Is 94507649 a prime number?
True
Is 115812523 a prime number?
True
Is 119114735 a prime number?
False
Is 195171253 composite?
True
Is 288485097 a composite number?
True
Is 16624799 a composite number?
True
Is 93923077 composite?
True
Is 40648679 composite?
False
Is 48170587 a composite number?
True
Is 52098419 a composite number?
True
Is 1229693 prime?
False
Is 6760861 a composite number?
False
Is 589847 composite?
False
Is 186857 a composite number?
True
Is 4042039 prime?
False
Is 655987 a composite number?
False
Is 1237121 composite?
False
Is 216482377 a prime number?
True
Is 4026767 a composite number?
True
Is 26619617 a composite number?
False
Is 306364789 composite?
True
Is 134180491 composite?
False
Is 711373 prime?
False
Is 20522023 prime?
True
Is 2585027 a composite number?
True
Is 4787831 a prime number?
True
Is 17512333 composite?
False
Is 23650147 a prime number?
True
Is 19674521 a prime number?
False
Is 576715 composite?
True
Is 579373657 a prime number?
False
Is 379592399 composite?
True
Is 67691903 composite?
False
Is 4857017 prime?
False
Is 68059297 a composite number?
False
Is 40269233 a composite number?
False
Is 3310543 composite?
True
Is 94117193 prime?
True
Is 8647661 a prime number?
False
Is 12323 prime?
True
Is 3374131 a prime number?
False
Is 25755479 prime?
True
Is 63324617 a composite number?
False
Is 1072769 composite?
True
Is 589337461 a prime number?
False
Is 413197 prime?
True
Is 244788227 prime?
False
Is 2949337 a prime number?
True
Is 12400717 a prime number?
False
Is 2058079 prime?
False
Is 4834549 composite?
False
Is 108267319 a prime number?
False
Is 766711459 prime?
True
Is 366610649 a prime number?
True
Is 148602997 prime?
True
Is 221953993 a composite number?
True
Is 1864507 a prime number?
True
Is 853939 a composite number?
True
Is 3689159 a prime number?
False
Is 25882723 prime?
True
Is 20810143 composite?
True
Is 687893 a prime number?
True
Is 5339935 a prime number?
False
Is 90218033 a prime number?
True
Is 1127557 prime?
True
Is 632915 a prime number?
False
Is 23715841 composite?
False
Is 793439 a composite number?
False
Is 15788497 composite?
True
Is 21477497 composite?
False
Is 14987859 composite?
True
Is 4046773 a prime number?
False
Is 18056959 a composite number?
False
Is 507320101 a prime number?
False
Is 2333851 a composite number?
True
Is 1981541 a prime number?
False
Is 42572735 prime?
False
Is 1580979 a composite number?
True
Is 2114531 prime?
True
Is 1642267 composite?
True
Is 5246963 a composite number?
True
Is 345076921 prime?
False
Is 22091071 a prime number?
False
Is 331577 prime?
True
Is 151049 a composite number?
False
Is 3202501 prime?
True
Is 235009199 composite?
False
Is 40440077 composite?
False
Is 573691 composite?
False
Is 562556569 a composite number?
False
Is 3496561 a prime number?
True
Is 44059 composite?
False
Is 14465153 a prime number?
True
Is 9703763 composite?
False
Is 397771111 prime?
True
Is 675278 prime?
False
Is 486771179 a composite number?
True
Is 5799403 a prime number?
False
Is 7201147 a composite number?
False
Is 1233767 prime?
False
Is 2268857 a prime number?
False
Is 3369397 composite?
False
Is 54351683 prime?
True
Is 25071581 a composite number?
False
Is 564803 a prime number?
False
Is 674669 composite?
False
Is 26224813 composite?
False
Is 56693191 prime?
False
Is 26915827 composite?
False
Is 138387877 prime?
False
Is 977971 prime?
True
Is 3032486 composite?
True
Is 53442659 prime?
True
Is 2182571 a composite number?
True
Is 1649423 a prime number?
False
Is 5078729 prime?
True
Is 3050557 composite?
True
Is 3780893 prime?
True
Is 290834 a prime number?
False
Is 954529 a prime number?
False
Is 33837821 a composite number?
False
Is 2064649 composite?
False
Is 89869889 a composite number?
False
Is 358599 a prime number?
False
Is 223879 a prime number?
False
Is 41184733 composite?
False
Is 10959953 a composite number?
True
Is 6401011 a composite number?
False
Is 29082589 a composite number?
True
Is 152332643 prime?
True
Is 17012377 prime?
True
Is 40457323 prime?
True
Is 2751083 a composite number?
False
Is 5422169 composite?
False
Is 326183239 a prime number?
True
Is 5745629 a prime number?
True
Is 148340243 a prime number?
False
Is 39705077 a composite number?
True
Is 1518991 prime?
False
Is 10753697 a composite number?
False
Is 35190791 prime?
False
Is 3717629 composite?
True
Is 37804537 composite?
True
Is 58366703 prime?
False
Is 173137 a prime number?
True
Is 52485413 prime?
False
Is 8330597 prime?
False
Is 3831761 prime?
False
Is 36616213 composite?
True
Is 142318771 prime?
False
Is 28123 a prime number?
True
Is 522419 a composite number?
True
Is 1799795641 composite?
True
Is 1668427 a composite number?
False
Is 2775749 composite?
True
Is 9228689 composite?
False
Is 3196887 prime?
False
Is 187311107 prime?
True
Is 7105991 a prime number?
True
Is 112327526 composite?
True
Is 9872743 a composite number?
True
Is 7291469 a prime number?
True
Is 72352213 a prime number?
True
Is 710184665 a prime number?
False
Is 12602851 a prime number?
True
Is 756869 prime?
True
Is 1015309 prime?
True
Is 471854935 composite?
True
Is 1505641 composite?
True
Is 20440549 prime?
True
Is 4148471 prime?
False
Is 20929891 a composite number?
True
Is 1465523 a composite number?
False
Is 2581723 prime?
False
Is 8362763 composite?
False
Is 62993 composite?
True
Is 355222781 a composite number?
False
Is 54725423 prime?
False
Is 287285 a prime number?
False
Is 277231 a prime number?
True
Is 1066619 composite?
False
Is 16094153 prime?
True
Is 1754191 prime?
False
Is 93545783 composite?
False
Is 446539 composite?
True
Is 139908581 a prime number?
False
Is 145964999 a composite number?
False
Is 5341559 prime?
True
Is 207461327 a prime number?
True
Is 2753263 a prime number?
True
Is 77385293 a prime number?
False
Is 1170557 composite?
True
Is 620639 composite?
False
Is 365804447 a composite number?
False
Is 1493903 a composite number?
False
Is 2080201 prime?
True
Is 380878361 composite?
True
Is 3329981 a composite number?
False
Is 10745491 composite?
True
Is 2008421 a composite number?
False
Is 2220481 a composite number?
True
Is 65613433 a composite number?
False
Is 328269 prime?
False
Is 64553077 a prime number?
True
Is 92995571 prime?
True
Is 9451531 composite?
True
Is 70307827 prime?
False
Is 5037997 a prime number?
True
Is 810577 composite?
True
Is 69557161 a composite number?
False
Is 1457323 prime?
False
Is 61331207 prime?
False
Is 35028569 prime?
False
Is 3291221 a prime number?
True
Is 2956271 composite?
True
Is 406117 a prime number?
True
Is 296909 a composite number?
False
Is 10766611 prime?
True
Is 8208626 composite?
True
Is 13093097 prime?
True
Is 16633343 composite?
True
Is 30820619 a composite number?
False
Is 1210201 composite?
True
Is 99306241 a prime number?
True
Is 4006621 prime?
True
Is 3028593 a composite number?
True
Is 10185167 a prime number?
False
Is 89594489 a composite number?
False
Is 649261 prime?
True
Is 96141229 a prime number?
True
Is 22484069 composite?
False
Is 242058813 a prime number?
False
Is 68558173 composite?
True
Is 57129977 a composite number?
True
Is 3934289 a prime number?
True
Is 13098287 a prime